ppose -2*j = -j + n, 5*j = -m + 700. What are the prime factors of m?
5, 29
Suppose 11*d - 10*d = -40. Let u be (-27)/4 - 30/d. List the prime factors of (u + (-9 - 2))/(1/(-3)).
3, 17
Let v = -47 - -25. Let r be -2*(-2 + v/(-10))*-305. Let h = r + -58. List the prime factors of h.
2
Suppose -4*n + 46*u - 47*u = -189956, n + 2*u - 47489 = 0. What are the prime factors of n?
13, 281
Let n(y) = -3*y**2 + 148*y - 20. List the prime factors of n(20).
2, 3, 5, 29
Let x = 33884 - -21183. What are the prime factors of x?
53, 1039
Suppose 3*n + 107 = i + 2121, 4*i - 2024 = -3*n. What are the prime factors of n?
2, 3, 7
Suppose 0 = -7*p + 184028 + 50150. What are the prime factors of p?
2, 43, 389
Let o = 9 - 14. What are the prime factors of o/((-15)/12) - -361?
5, 73
Suppose -62*o = -55*o. Suppose -12*x + 168 = -o. List the prime factors of -4 - 7/(x/128)*-2.
2, 31
Suppose 2*v - 2513 = -5*l, 0*l - 5*l - 5101 = -4*v. Suppose -2*x = -2, -5*x = 3*y - 2*x - v. List the prime factors of y.
2, 211
Suppose 0 = -3*v + 6*v + 12, 0 = 5*z + 5*v. What are the prime factors of (-8)/16 + 866/z?
2, 3
Suppose -590 = -o + 5*a, 3*a - 20 = 8*a. What are the prime factors of o?
2, 3, 5, 19
Let d(b) be the second derivative of 0*b**2 + 1/6*b**4 + 33/10*b**5 + 0 + 18*b - 1/3*b**3. List the prime factors of d(1).
2, 3, 11
Let f(p) = -p**2 - 6*p + 4. Let z be f(-6). Suppose -z*w = 286 - 1410. List the prime factors of w.
281
Suppose -16 = j + 4*z, -43*z + 48*z + 7 = 2*j. List the prime factors of ((-6)/j)/(2/(805 + -1)).
3, 67
Suppose n = 4*t + 6462, 6*n = 5*n - 2*t + 6432. List the prime factors of n.
2, 3221
Let c = 465 - 446. Let l(g) = 4*g**2 + 15*g + 182. What are the prime factors of l(c)?
3, 7, 13
Let o(z) = -2*z + 65. Let a be o(29). What are the prime factors of (-5 - (a + 4 + -9))*-29?
7, 29
Suppose 238 = -w - 4*g, -2*w = w - 2*g + 770. Let y = w + 451. List the prime factors of y.
197
Suppose -29 = 9*c + 88. Let d(z) = -11*z + 31. Let u(m) = 11*m - 30. Let l(g) = -3*d(g) - 4*u(g). List the prime factors of l(c).
2, 5, 17
Suppose 6*x = -0*x + 12. Let a(k) be the third derivative of 13*k**4/12 - 2*k**3/3 - 2*k**2 + 4*k. What are the prime factors of a(x)?
2, 3
Let w = 74952 - 33608. List the prime factors of w.
2, 17, 19
Suppose -8*h + 92*h - 8802 = 61170. What are the prime factors of h?
7, 17
Suppose 5*z - 12*o + 13*o = -160, -5*z - 3*o = 150. Let x(b) = 2*b**2 + 28*b + 104. List the prime factors of x(z).
2, 7, 97
Let z = -965 - -2519. Let s = 13334 + -13344. List the prime factors of (-2)/5 + (-2 - z/s).
3, 17
Let b = 146 - 95. Let i be (-2)/(1 - 52/b). Let m = -41 + i. What are the prime factors of m?
61
List the prime factors of 8469/3 + 5/35*7.
2, 353
Let f = 20756 - 19025. List the prime factors of f.
3, 577
Let z(s) = s**3 - 144*s**2 + 295*s + 495. List the prime factors of z(142).
11, 17
Let f(c) = 2*c - 6. Let j be f(2). What are the prime factors of (-21)/j*(-20)/(-15)?
2, 7
Suppose 9*l - 34424 - 24454 = 2898. What are the prime factors of l?
2, 3, 11, 13
Suppose -15*v = -18*v + 3*s + 22719, s = 5*v - 37873. What are the prime factors of v?
3, 5, 101
Let x(q) = -5*q**3 + 4*q**2 + 8*q + 2. Let o be x(-2). Let c(n) = n**3 - 43*n**2 + 53*n + 83. List the prime factors of c(o).
5, 109
Let r = 0 - 6. Let j(q) be the third derivative of -q**6/120 - q**5/15 + q**4/4 + 2*q**3 + 63*q**2. List the prime factors of j(r).
2, 3
Let a = -2973 + 2975. Let v = -98 - -466. Suppose 0*t + 5*n = a*t - v, -3*t = n - 518. List the prime factors of t.
2, 3, 29
Let n = 20 - 73. What are the prime factors of 0 - (0 + 4) - n?
7
Let l(d) = 75*d**2 + 62*d - 62. List the prime factors of l(6).
2, 5, 7, 43
Suppose -53882 = 9*w + 4*w - 273582. What are the prime factors of w?
2, 5, 13
Suppose -4*q - 1261 = -17*q. Suppose -q*w - 3308 = -101*w. What are the prime factors of w?
827
Suppose 4*m - 5*q = -521, -4*m - q + 111 = 650. List the prime factors of (1*m/4)/(1/(-16)).
2, 67
Let s = 278 + -269. List the prime factors of (4 - s) + 5 - 1796/(-2).
2, 449
Suppose -f = -369*b + 367*b - 21435, f + 3*b - 21415 = 0. What are the prime factors of f?
7, 3061
Let c(o) be the second derivative of -1/3*o**3 + 21/20*o**5 + 4*o + 1/2*o**2 + 0 + 1/6*o**4. What are the prime factors of c(1)?
2, 11
Let c(f) = 16*f**3 - 15*f**3 - 6*f**2 + 2 + 31 - 18*f + f**2 - 5*f**2. List the prime factors of c(13).
2, 3, 17
Let p = 94 + -16. Let z = 77 - p. What are the prime factors of z + 1/(-5) + (-421)/(-5)?
83
Let w be (-279)/(-465) + -776*(-17)/5. Suppose 152*d - 159*d + w = 0. List the prime factors of d.
13, 29
Suppose -3*a + 24803 = -5*s, 0 = -5*a - 3*s + 64224 - 22897. What are the prime factors of a?
2, 4133
Suppose -n - 10 = -3*x, -5*n + 3 - 20 = -4*x. Suppose -4004 = -16*l + x*l. What are the prime factors of l?
2, 7, 11
Let p(n) = 7*n - n**3 + 0*n + 2*n + 14 + 2*n**2. Let q = 645 - 650. What are the prime factors of p(q)?
2, 3
Let u(p) = 6*p**2 + p + 7. Let x be -4 - (-2 + 1 - 30). Suppose 0 = 4*s - x + 15. What are the prime factors of u(s)?
2
Let k be ((-3)/(-1) - 2) + 3. Suppose 2*m - 379 = -p, 2*p = k*m + 357 + 441. What are the prime factors of p?
389
Let p(n) = -154*n**3 + 50*n**2 + 12*n - 13. What are the prime factors of p(-5)?
3, 11, 619
Let b = -91 + 376. Suppose -5*c + 0 + b = 0. Suppose 252 = -54*m + c*m. What are the prime factors of m?
2, 3, 7
Let g(x) = -x**3 + 3*x**2 + 4*x. Let j be g(4). Suppose j*f + 6 = -f. What are the prime factors of (244/f)/((-8)/12)?
61
Let i be (-2)/((-2)/13*(-3)/(-69)). Let h = -199 + i. Let r = h - 48. List the prime factors of r.
2, 13
Let n(k) = 4*k + 12. Let z be n(-9). Let l(v) = v**2 + 15*v - 52. List the prime factors of l(z).
2, 41
Let j = 0 - -125. Suppose 0 = -j*f + 126*f - 951. What are the prime factors of f?
3, 317
Suppose -47*r - 5*x = -44*r + 930, 3*x + 1229 = -4*r. Let v = r + 1356. List the prime factors of v.
1051
Let s = -8021 + 78172. List the prime factors of s.
29, 41, 59
Let d = -13163 + 21631. What are the prime factors of d?
2, 29, 73
Suppose -2*f - 5*s = -1364, s = -5*f + 2236 + 1220. Suppose 2*z - 3*v = 1452, f = z + 2*v - 34. What are the prime factors of z?
2, 3, 11
Let l(j) = -6*j**3 - 5*j**2 + 13*j + 17. Let f(d) = 17*d**3 + 13*d**2 - 38*d - 50. Let x(i) = 4*f(i) + 11*l(i). What are the prime factors of x(6)?
257
What are the prime factors of (1521/234)/((-2)/(-212))?
13, 53
Let t be (208/14)/1 - (-167)/1169. Suppose b + b - 523 = h, 3*h + t = 0. List the prime factors of b.
7, 37
What are the prime factors of 922158/324 + (-2)/12?
2, 1423
Let t be (-2)/4*6*(-4 - -3). Suppose 6*k = 3*k - 3, x + t*k = 85. Let l = x - 73. List the prime factors of l.
3, 5
Let x(j) = j**2 - 17*j + 44. Suppose -3*p + 4 = 3*g - 50, -5*p - 50 = -5*g. What are the prime factors of x(g)?
2
Suppose 32427 + 8478 = -30*r + 333*r. What are the prime factors of r?
3, 5
Let x(z) = z**2 + 26*z + 163. Let p be x(-17). Let l(n) = 22*n - 160. What are the prime factors of l(p)?
2, 3, 5
Let l(x) = 93*x**3 + 5*x**2 + 19*x - 16. Let w(b) = 23*b**3 + b**2 + 5*b - 4. Let j(v) = -2*l(v) + 9*w(v). What are the prime factors of j(2)?
2, 3, 29
Let m = -28085 - -59634. Let s be 2/(-4) + -3*m/42. List the prime factors of s/(-18) - (-1 - (-33)/27).
5
Suppose -252*s - 3*o + 45333 = -250*s, 2*o = -4*s + 90686. List the prime factors of s.
2, 3, 3779
Let d(k) = 321*k + 23. List the prime factors of d(4).
1307
Let l be (-33 - -26) + 0 + 59. Suppose 46*g + 1044 = l*g. What are the prime factors of g?
2, 3, 29
Suppose 3*z + 2*z = 6070. Suppose -646 = -10*y + z. Suppose y + 426 = 4*h. List the prime factors of h.
3, 17
Let f be ((-84)/70)/(4/10). Let h be (-3)/((-14)/812*(1 + f)). Let q = 114 - h. List the prime factors of q.
3, 67
Suppose 2*u - u = 0. Let k = 1429 - 1407. Suppose 0 = 2*d - 3*a - 30, u = 5*d - 4*d - 5*a - k. What are the prime factors of d?
2, 3
Let b(u) = 8 + 30*u + 31 - 14 + 7*u. List the prime factors of b(10).
5, 79
Let j be ((-54)/42)/9 + 4710/42. Suppose -2*s = s - 141. Let z = j - s. What are the prime factors of z?
5, 13
Let z be (-16)/6*(-24)/(-16). Let w be (3616/(-48))/(z/6). Let s = w + -63. What are the prime factors of s?
2, 5
Suppose 0 = -5*r - 43*b + 46*b + 47067, b - 9423 = -r. List the prime factors of r.
3, 43, 73
Let j be (-1 - 1) + (-8 - 